s(w) = w**2 + w + 2. Let u be s(0). Suppose 0 = 2*r + 4, -4*a = -3*a + u*r - 16. What is the tens digit of a?
2
Let p(o) = -4*o - 1. What is the tens digit of p(-8)?
3
Let m be (3 - -1)/2 + 10. Let f = -4 + m. What is the units digit of f?
8
What is the units digit of ((-90)/(-3))/((-4)/(-4))?
0
Let y be ((-143)/26)/(2/(-4)). Let p = -2 - -3. Let g = p + y. What is the tens digit of g?
1
What is the tens digit of -4 - 18*(-1 + 0)?
1
Suppose 0 = -7*l + 3*l + 940. What is the tens digit of l?
3
Let r(i) = -i**3 - 6*i**2 - 9*i - 2. What is the units digit of r(-4)?
2
Suppose -7*x + 9*x - 686 = -4*p, -2*p = -2*x - 358. What is the units digit of p?
4
Let n(d) = d + 9. Let b be n(-5). Suppose -2*o + 46 + 8 = -b*k, -5*o + 115 = -5*k. What is the units digit of o?
9
Let s = 2 - -2. Suppose 0 = -3*j - 4*d + 148, 4*d - 160 = -s*j + 8*d. Suppose -5*u = 3*h - 42, -2*u + 6*u = -5*h + j. What is the units digit of u?
6
Suppose 0*j + 163 = j. What is the units digit of j?
3
Let i = -11 - -62. Suppose l + 2*l = i. Suppose -4*o + l + 11 = 0. What is the units digit of o?
7
Suppose 4*r + 2*t = 112, 0*r + 84 = 3*r + 5*t. What is the units digit of r?
8
Suppose -4*s + i = 3*i - 10, 0 = 5*i - 5. What is the units digit of 40/24 - s/(-6)?
2
Let d be (-9)/(-15) - (-12)/5. Let w(s) = 2*s**2 - s - 4. What is the units digit of w(d)?
1
Suppose 0 = -5*n - 2*f + 106, -f - 26 = -n - 3*f. Let d = n + -9. What is the units digit of d?
1
Let f be 40/(-3)*(6 + 0). What is the units digit of 18/10*f/(-24)?
6
What is the units digit of -141*(-4)/36 - 4/6?
5
What is the tens digit of 39*6/(-24)*(-5 - -1)?
3
What is the hundreds digit of -69*(-2)/((-18)/(-21))?
1
Suppose 0 = -3*w - 5 + 11. Suppose -w*n + 30 = 3*n. What is the units digit of n?
6
Suppose 5*w = 3*w + 10. Suppose -h = -3*h + 10. Suppose 0*p + h*p - 6 = -2*u, w*p - u = 12. What is the units digit of p?
2
Suppose -3*j + 40 = 5*i, -2*i + 2*j = 6*j - 30. Suppose a = 19 - i. Suppose 1 = d - 4*z - 17, -d = -3*z - a. What is the units digit of d?
2
Suppose 5*r + 2*u = 2*r + 1, 10 = -4*r + 3*u. Let o be 9/(-4 + 1) + 1. What is the units digit of -1 + (0/r - o)?
1
Let q(f) be the second derivative of -f**3/6 - 7*f**2/2 - 2*f. What is the units digit of q(-8)?
1
Let o(u) = -u**2 + 7*u - 9. Let s be o(6). Let j = 1 - s. What is the units digit of j?
4
Let a = 7 + -8. What is the units digit of 156/20*(-5)/a?
9
What is the hundreds digit of (278/3 + 0)*-3*-1?
2
Let c(i) = -i**2 + 34*i + 37. What is the units digit of c(26)?
5
Let l = 2 - 0. Suppose z - 19 = 4*d, 3*d + 23 = -l*d + z. Let x = d - -9. What is the units digit of x?
5
Suppose 1 - 16 = -5*v. Suppose 0 = -2*q - k - v*k + 86, -q = k - 47. Suppose 3*b - q = -6. What is the units digit of b?
5
What is the hundreds digit of ((-2)/1)/(2/(-133))?
1
Let v = -29 + 61. Suppose -125 = -s - 4*s + f, -4*f - v = -2*s. Let i = s + -7. What is the tens digit of i?
1
Let z(i) = 49*i**3 + i. What is the tens digit of z(1)?
5
Let q = 193 + -122. What is the units digit of q?
1
Let g(d) = -d**3 + 10*d**2 - 9*d + 10. What is the units digit of g(8)?
6
Let g(s) = -s - 15. Let w be g(-19). Let n be (-40)/(-18) - 6/27. Suppose -w*c - 5*y + 83 = 0, y = -n*c + 4*y + 25. What is the tens digit of c?
1
Let s(w) = -w**2 - 10*w - 3. What is the tens digit of s(-8)?
1
Let r = 146 + -24. What is the tens digit of r?
2
Let n = 94 - -96. What is the tens digit of n?
9
Suppose -3*g = -477 - 6. Let n = -94 + g. Suppose -n - 13 = -5*y. What is the tens digit of y?
1
Suppose 0 = f - 2*f - 54. What is the tens digit of 3/(-6) - f/4?
1
Suppose -2*n - 2*q = -n - 13, 2*q + 4 = 0. Let j be (-96)/20*1*-5. Let s = j - n. What is the units digit of s?
7
Let g = -136 - -194. What is the tens digit of g?
5
Suppose y = -1 - 1. Let s be y/8 + 74/8. What is the units digit of 24/s*(-6)/(-4)?
4
Let o(n) = -n**3 + 5*n**2 - 3*n. Let g be o(4). Let h be (-5)/(2 + -3 + 0). Suppose -g*v - v = -h. What is the units digit of v?
1
Let z = -131 + 190. What is the units digit of z?
9
Let r(u) be the second derivative of u**5/20 + u**4 + 11*u**3/6 - 3*u**2/2 + 4*u. Let k be r(-11). What is the tens digit of (-2 - -1)*-16 + k?
1
Suppose -9 = -a + 4*a - 3*t, 2*t = -10. Suppose -3*y - 69 = 5*n - 0*y, -2*n - 21 = -y. Let w = a - n. What is the units digit of w?
4
Suppose -2*w - 4*v = 0, 2*w = 6*v - 5*v. Suppose 3*z + z = w. Suppose z = -i + 6. What is the units digit of i?
6
Let q(w) = -3*w - 19. Suppose -4*k = -h - 2 - 3, -5*h + k = 63. What is the units digit of q(h)?
0
Suppose -6*u - 40 = -10*u. What is the units digit of u?
0
Let o = 60 + -27. What is the tens digit of o?
3
Suppose 0 = 7*g - 140 - 56. What is the tens digit of g?
2
Let y(i) = 4*i**2 + 2*i + 1. Let f be y(-1). Suppose -17 = -5*l - f*a, 5*l - 21 = 2*a - a. Let g = 8 + l. What is the tens digit of g?
1
Let r = 53 + -31. What is the tens digit of r?
2
Let n(o) = 10*o**3 + o**2. What is the tens digit of n(1)?
1
Suppose -3*j + 0*d - 2*d = 1, -2*d = 4*j + 2. What is the units digit of j + (-4)/8*-26?
2
Suppose z = 5 - 4. Let a(u) = u + 2*u**3 + 1 - 6 + u**2 + 4. What is the units digit of a(z)?
3
Let c(a) = 2*a - 2. Let i(r) = r + 1. Let v(p) = -c(p) + 3*i(p). Let d be 1/(2 + 27/(-12)). What is the units digit of v(d)?
1
Let a(h) = 3*h + 29. What is the tens digit of a(16)?
7
What is the tens digit of -57*(1 + (-48)/9)?
4
Let r(b) = b - 3. Suppose 40 = 8*h - 4*h. What is the units digit of r(h)?
7
Suppose 0 = 5*z + 5*j - 135, -5*z = -j + 5*j - 138. What is the tens digit of z?
3
Let z = 88 + -38. What is the tens digit of z?
5
Let p(t) = 2*t**2 - 2*t - 1. Let r be p(-1). What is the units digit of 10 + (-4)/2 + r?
1
Let x(v) = -v**3 + 3*v**2 + 3*v + 3. Suppose -2*n - 3 = -3*a + 6, 3*n = 2*a - 1. Let l be x(n). Suppose g = l + 9. What is the units digit of g?
1
What is the tens digit of (-8)/20 - 244/(-10)?
2
Suppose 2*z + 3*z = 10. Suppose -3 = -i - z*i. What is the units digit of i?
1
Let z = 37 - 22. Suppose t - 2*i - 9 = -0*t, 0 = 4*t + 2*i - 16. Suppose -2*s + 3*h - z = -t*s, -4*h = -s + 10. What is the units digit of s?
6
Suppose -l - 5*v = -0*v - 2, -4*l = -v - 50. Suppose -y - d = -l, 0 = 5*y - 4*d + d - 84. What is the tens digit of y?
1
Let z(k) = 6*k**2 + 11*k**2 + 0*k - k + k**2 + 1. What is the tens digit of z(1)?
1
Let f(y) = 4*y - 4. Let b be f(4). Let q(p) = 6*p**2 + 2*p - 1. Let z be q(1). Let s = b - z. What is the units digit of s?
5
Let i(s) = s - 1. Let a be i(4). Let z = 7 - a. Suppose 14 = -z*l + 54. What is the tens digit of l?
1
Let u(p) = 3*p**2 - 17*p + 8. What is the units digit of u(7)?
6
Suppose 36 = -11*m + 8*m. Let a(o) = o**3 + 12*o**2 + o + 13. What is the units digit of a(m)?
1
Let g(l) = -l**2 + 11*l + 5. What is the units digit of g(11)?
5
Let x(b) = 8*b**3 - 2*b**2 + 1. Let c(h) = h**3 + h**2 - 2*h + 1. Let g be c(1). What is the units digit of x(g)?
7
Suppose 0 = 4*o - 2*q + 2, 16 = -o + 5*o + 4*q. Let g(u) = 1 - 5*u + 3*u + 3*u. What is the units digit of g(o)?
2
Let o(c) = c**3 + 16*c**2 - 7*c + 23. Let l be o(-16). Suppose l = 5*y - z + 6*z, -2*z = 4*y - 102. What is the units digit of y?
4
Suppose -3*c = -6*c + 18. What is the units digit of c?
6
Let h be (-9)/(2 + 10/(-6)). Let s = -9 - h. What is the units digit of s?
8
Let p(m) = m + 1. Let x be p(1). Suppose g - 3 = x. Let r = -3 + g. What is the units digit of r?
2
Suppose l - 5 = 0, 33 = -q + 5*l - 0*l. Let u = 28 + -17. Let z = q + u. What is the units digit of z?
3
Let l(v) = -3*v. Suppose 0*o = o + 2. What is the units digit of l(o)?
6
Suppose -4*u + 91 = -2*l + 19, -3*u + 59 = l. What is the tens digit of u?
1
Let x(m) = m**3 - 5*m**2 + 3*m - 5. Let d(l) = l**3 - 7*l**2 + 7*l - 1. Let u be d(6). What is the units digit of x(u)?
0
Let l = 13 - 18. Let j = -2 - l. What is the units digit of j?
3
Suppose -67 = -u + 4*z, 3*u - 5*z - 140 - 40 = 0. What is the tens digit of u?
5
Let t(d) = d**3 + 2*d**2 + 2. What is the units digit of t(4)?
8
Let y(x) = -2*x + 6. Let m(g) = -4*g + 11. Let w(d) = -3*m(d) + 5*y(d). What is the units digit of w(8)?
3
Suppose 4*c - 2*c = c. Let i(x) = 9*x**2 + 2*x. Let q be i(2). Suppose -2*f - 2*f + 4*k = -q, 3*k + 9 = c. What is the units digit of f?
7
Let v(h) = 7*h - 5. Suppose -4*x - 4 = -6*x. What is the units digit of v(x)?
9
Let 